z**5. Calculate the remainder when 102 is divided by b(5).
12
Suppose -207*q + 43092 = -74*q. What is the remainder when q is divided by 8?
4
Suppose 301*d = -5*g + 305*d + 1245, 0 = 6*g + 5*d - 1494. What is the remainder when g is divided by (-2 + 12)*6/5?
9
Suppose 0 = d + 4*d + 10. Let y(r) = -6*r**2 + 4*r - 19. Let u(h) = 2*h - 4. Let v(p) = 4*u(p) - y(p). Calculate the remainder when 91 is divided by v(d).
15
Let y be 4/(-18) - 549/81. Let k(c) = 2*c**2 + 4*c + 8. Calculate the remainder when k(y) is divided by 20.
18
Calculate the remainder when (5/((-70)/7854))/(-3) is divided by 38.
35
What is the remainder when (-165039)/(-33) + (-10)/55 is divided by 122?
121
Let n(c) = c**3 - 54*c**2 - 57*c + 122. Calculate the remainder when 1163 is divided by n(55).
11
Let z(n) = -n**3 - 3*n**2 + 13*n + 26. Calculate the remainder when 33 is divided by z(-5).
0
Suppose -41 = -l + 2*g, -23 = l + g - 64. Suppose l = v - 9. What is the remainder when 96 is divided by v?
46
Let x be 1/((-4)/(-12)) - -176. Let k = 195 - x. Suppose v - 67 = -2*l, -137 = -2*v - 0*v - 5*l. Calculate the remainder when v is divided by k.
13
Let y = -19535 + 19830. Calculate the remainder when 5012 is divided by y.
292
Let v be (-2 - 3)/(-20) + (-11)/(-4). Suppose 3*m - v - 3 = 0. Suppose -b + 47 = -m*d, -9*d + 4*d + 112 = 2*b. What is the remainder when b is divided by 14?
9
Let p(c) = -c**3 - 4*c**2 + 10*c - 2. Let j(q) = -18*q + 48. Let w be j(3). Let b = 25 + -7. Calculate the remainder when b is divided by p(w).
8
Suppose 0 = -f + 4*r + 1539, -5*f - 4*r = 4703 - 12254. Calculate the remainder when f is divided by 125.
15
Suppose 4230 = 27*h - 13*h + 16*h. Calculate the remainder when 187 is divided by h.
46
What is the remainder when 476 is divided by (34592/644)/(((-4)/7)/(-2))?
100
Let c(m) = -m - 10. Suppose -5*p - 3*j + 241 = 0, j = -j - 6. Calculate the remainder when p is divided by c(-23).
11
Calculate the remainder when 151 is divided by 8680/630 - (-1)/((-18)/(-4)).
11
Suppose 0*r = 4*r - 280. What is the remainder when (89 - (-6 - -9))/(2/13) is divided by r?
69
Calculate the remainder when 1167 is divided by (37 - 651/(-14))/(1/2).
165
Suppose 5*l + 4*y - 213 - 5 = 0, 2*l - 74 = 5*y. Let w = -77 + l. Let a = -19 - w. What is the remainder when 62 is divided by a?
14
Suppose -11*k + 1800 + 1686 = 362. Calculate the remainder when 1389 is divided by k.
253
Let j(b) = 48*b - 800. Calculate the remainder when 3821 is divided by j(17).
13
Suppose 0 = -7*s + 2*s. Let a = 1 + s. Let u(b) = -b**3 + 36*b**2 - 32*b - 102. What is the remainder when u(35) is divided by a?
0
Suppose 80 = 4*v - 4*l, 10*v + 4*l + 36 = 10*v. What is the remainder when v is divided by (6 + 1 - 1)*1?
5
Calculate the remainder when 618 is divided by 9/(4*(-5 + -6 + 90/8)).
6
Let m = -48308 - -93936. Calculate the remainder when m is divided by 117.
115
Suppose -3*r = 5*g - 1330, -2*g + 22*r - 26*r + 546 = 0. What is the remainder when 569 is divided by g?
43
Let i = 399 + -295. Suppose 0 = -b - 3, 0 = -15*x + 20*x - 3*b - i. What is the remainder when 338 is divided by x?
15
Let h = -570 + 698. Calculate the remainder when h is divided by 21 + 4 + -3 - 0/2.
18
Suppose 0 = -4*a - 15 + 35. Let u(h) = h**2 - 16*h - 6. Suppose 12*x - 9*x = 2*i + 55, -10 = 5*i. What is the remainder when u(x) is divided by a?
1
Suppose 4*o - 4*g - 658 = -o, -8 = 4*g. Calculate the remainder when 2207 is divided by o.
127
Let x(y) = 2 + 59*y - 2 - 68*y. Suppose u + 2*u - 30 = 0. Calculate the remainder when x(-3) is divided by u.
7
Let i = -145 - -532. Suppose 7*j = -2*j + i. Let c = j - -3. Calculate the remainder when c is divided by 24.
22
Let s = -18315 + 18591. What is the remainder when s is divided by 30?
6
Let y = -314 + 322. Suppose -3*m = -y*m - 2*i + 1960, 4*m - 1581 = i. What is the remainder when m is divided by 33?
31
Let w be (-9 - -18) + -5*1. Suppose w*v - 72 + 20 = 0. Suppose -v*g - 15 + 158 = 0. Calculate the remainder when 19 is divided by g.
8
Let b = 2375 - 1452. What is the remainder when b is divided by 306?
5
Let v(y) = -y**2 - 2*y. Let l be v(2). Let g(m) = -4*m + 12. Calculate the remainder when 85 is divided by g(l).
41
Let d be 15*(-2 + (0 - (-3)/3)). What is the remainder when (-6520)/(-56) - (-12)/(-28) is divided by (-6)/2 - 240/d?
12
Let d(h) = -219*h + 12503. Let q be 0/(-2) + -1 + 1. Let b = q + 3. What is the remainder when d(57) is divided by b?
2
Suppose y - 5*v = -8, -2*v = -2*y - 3*v + 6. Suppose y*j + 8 = -2*j. What is the remainder when 33 is divided by (j - -5)/(-3)*-17?
16
Let k = 95 + 10. What is the remainder when k is divided by (-15)/(-180) - (-3)/(288/1816)?
10
Let o(u) = 30*u - 3. Let b be (-1*12 + 2)/(5 - 4). Let q = 95 - b. Calculate the remainder when q is divided by o(1).
24
What is the remainder when 9074 is divided by 4*(-9)/6 - (2 - 83)?
74
Suppose 36*l + 5*g + 76 = 38*l, 137 = 3*l + 4*g. What is the remainder when 213 is divided by l?
41
Let x = 635 - 619. Suppose -12 = 3*n, x*p - 38 = 14*p - n. Suppose 53 = 4*h + 3*j, 5*j - 45 = -h - 19. Calculate the remainder when p is divided by h.
10
Let l(c) = c**2 - c. Let p(y) = 2*y - 13. Let g be p(7). Let f be l(g). What is the remainder when (-95 - 9)*(f + -1) is divided by 35?
34
Let t(b) = 82*b + 272. What is the remainder when t(7) is divided by 66?
54
Suppose v = -2, -161*m = -164*m + 2*v + 1051. What is the remainder when m is divided by 5?
4
Let p = -30641 + 30652. What is the remainder when 13912 is divided by p?
8
Suppose 4*m = -0*m - 16. Let j be (-150)/35 - m - 830/(-14). Let i = 127 - j. What is the remainder when i is divided by 18?
14
Suppose -4*i = -i - 6. Suppose -i*b + 0*b = -3*h - 207, 3*h = -2*b + 225. Let w(m) = 34*m - 881. What is the remainder when b is divided by w(27)?
34
Let t(f) = -f**3 - 24*f**2 + 21*f - 35. Suppose -137 - 138 = 11*a. Calculate the remainder when t(a) is divided by 17.
14
Let d = 206 - 174. Suppose 22*h - d = 18*h. What is the remainder when 58 is divided by h?
2
Suppose 225 = -3*c + 231. Suppose -5*l + c*p + 399 = 0, 0 = 2*l - 2*p - 67 - 89. Calculate the remainder when l is divided by 13.
3
Let t(x) = -44*x + 35. Let z(n) = n**2 - 9*n - 22. What is the remainder when t(-1) is divided by z(12)?
9
Let l(g) = g**2 + 42*g - 62. Suppose -4*b - f + 1453 = 0, 4*f + 2 - 6 = 0. Calculate the remainder when b is divided by l(-45).
71
Let g = 2020 - 1948. Calculate the remainder when 457 is divided by g.
25
Suppose 5*i - 20 = -8*d + 3*d, 5*d - 29 = 4*i. What is the remainder when 38 is divided by i/((((-15)/3)/10)/1)?
0
Let o(z) = z**3 + 18*z**2 + 2*z - 37. Let g be o(-17). Suppose -4*d + 826 = g. Calculate the remainder when d is divided by 13.
9
Calculate the remainder when 11743 + (-10 - 18/2) is divided by 317.
312
Let d be (-3)/(-2)*(3 - 5369/21). Let w = d + 445. What is the remainder when w is divided by (-1 - -13)/(2/3)?
12
Let g = -88 - -77. Let a(x) = -x**2 - 9*x + 34. Calculate the remainder when 21 is divided by a(g).
9
Let y = -61 - -79. Suppose y*d - 523 - 251 = 0. What is the remainder when (-4)/6*3 + 130 is divided by d?
42
Let b(n) = -18*n - 5. Let a be b(-8). Suppose -2*s + 739 = 3*m, 2*s - 242 = m + 501. Let k = s - a. Calculate the remainder when k is divided by 59.
55
Suppose 4*w + 522 - 156 = 3*c, -w = 3. What is the remainder when 367 is divided by c?
13
Suppose 4 = 2*h - 0. Suppose -h*s = c + s - 18, 0 = -3*c + 4*s + 28. Let b = c - -10. Calculate the remainder when 63 is divided by b.
19
What is the remainder when 20 + -7 - 3*15883/(-21) is divided by 52?
46
Let d(i) = -4*i - 5. Let m(z) = -3*z - 6. Let o(u) = -4*d(u) + 5*m(u). Let t be o(11). Calculate the remainder when 36 - ((16*-1)/4 + t) is divided by 6.
3
Suppose -5*h - 4435 = -5*n, -4*n - 378*h + 3611 = -375*h. What is the remainder when n is divided by 417?
62
Suppose -16*w - 272 = -152*w. Suppose -5*h - 3 - 37 = 0. What is the remainder when 22 is divided by (5/25*h)/(w/(-5))?
2
Let y(a) be the first derivative of -9*a**2/2 + 18*a + 6. Let x be y(-10). What is the remainder when 14 is divided by (-24)/x - (-29)/9?
2
Let f = -924 + 1491. Suppose -568*q + f*q + 60 = 0. Calculate the remainder when q is divided by 34.
26
Calculate the remainder when (5 - 0)/(-5) + (1417 - 45/(-9)) is divided by